*3 - t + 1. Let c = 23 - 22. Let o be j(c). Let l = o - -93. What is the tens digit of l?
6
Let p = -8 + 15. Let x(h) = h**3 - 8*h**2 + 7*h - 4. Let b be x(p). What is the units digit of ((-14)/2)/(b/8)?
4
Suppose -2*t - 3*t - 5 = 0, 4*f - 3*t - 219 = 0. Let y be 29/3 + (-36)/f. Suppose 4*d - y = g, 4*d - d - 3*g = 9. What is the units digit of d?
2
What is the tens digit of -304*(-3 - (-4 + 3))?
0
Suppose 1410 = -9*s + 14*s. Suppose -3*h + s = -525. What is the hundreds digit of h?
2
Let h be 7/(-28) - (-687)/12. Let b = h - 33. What is the tens digit of b?
2
Let b = -1435 + 2737. What is the tens digit of b?
0
Let z be (1 - (-20)/(-4)) + 4. Suppose z = 12*g - g - 715. What is the tens digit of g?
6
Suppose -5*y - 5*j = -75, j - 1 = 4. Let o(z) = 32*z - 43. What is the tens digit of o(y)?
7
Let q(t) = t**2 - 2. Let i be q(-2). Let f(j) = -j**i - 11*j - 5*j + 20*j + 2 - j**3. What is the units digit of f(-3)?
8
Suppose -33*p = -14*p - 30172. What is the tens digit of p?
8
Let q = -6575 - -11901. What is the hundreds digit of q?
3
Suppose b + 4*c + 19 = 0, -5*b - 10 = -4*c - 35. Let m be 1/((-21)/(-4) + -5). Suppose -255 = -m*g + b. What is the units digit of g?
4
Suppose 0*l - 6 = l. Let o(m) = -6*m - 3. Let s(f) = f - 1. Let p(z) = o(z) - 6*s(z). What is the tens digit of p(l)?
7
Let c = 13 - 3. Let u(n) = 14*n - 30. What is the units digit of u(c)?
0
Let y(u) = -u + 12. Let d be y(0). Let t(r) = -r**3 + 12*r**2 + 2*r - 17. Let s be t(d). Suppose 0 = 11*p - s*p - 8. What is the units digit of p?
2
Let j(i) = 24*i + 28. Let p be j(12). Suppose -46*a + p = -45*a. What is the units digit of a?
6
Let p = -3 + 9. Suppose 5*g = 4*q + 8 + p, 5*q + g + 32 = 0. Let t = 12 + q. What is the units digit of t?
6
Suppose 3 = -0*l + l. Suppose -l*f + 4*f - 15 = 0. Let m = 32 - f. What is the tens digit of m?
1
Let t(d) be the third derivative of 0 - 7*d**2 + 1/6*d**4 + 1/6*d**3 + 0*d. What is the units digit of t(1)?
5
Suppose -3*w - 46 = 5*q, 10*w + 3*q = 5*w - 98. Let k be (1/(-2))/(1/1356). What is the units digit of k/w + (-30)/(-165)?
1
Suppose -v = 3*y + 25, 0*y - 3*v - 5 = -y. Let s(u) be the third derivative of u**5/60 + u**4/24 - u**3/2 + u**2. What is the units digit of s(y)?
9
Suppose 0 = 49*c - 13844 - 4188. What is the units digit of c?
8
Suppose 4*o - h - 180 = 0, -o + 1 = 3*h - 44. Let y be (-4)/6*o/(-6). Suppose -y*v + 8 + 36 = 3*f, -f - 3*v = -20. What is the units digit of f?
8
Let h(j) = 3*j**3 + j**2 + 2*j - 2. Let g be h(2). Let a = 34 - g. Suppose 0*u - a*u + 96 = 0. What is the tens digit of u?
2
Suppose -3*m - m - 36 = 0. Let x = -9 - m. Suppose x*t + 54 = 3*t. What is the tens digit of t?
1
Let q = 114 + -16. What is the tens digit of q?
9
Suppose -70 = -5*q - 5*j, 3*q - 2*j - j - 30 = 0. What is the units digit of (15/q + -2)*(-468)/3?
7
Suppose 0 = -5*s - 4*h + 921, 8*s = 3*s - 2*h + 913. What is the hundreds digit of s?
1
What is the hundreds digit of -2*9*(-1 + 987/(-6))?
9
Suppose v - 3*c = -0*c + 11, -5*v - 4*c = -55. Suppose -l + 4*m = -2, -3*l + 4*m + 4 = -2. Suppose l*a - v + 1 = 0. What is the units digit of a?
5
Let f(d) = -27*d. Suppose v - 4*a + 4 = -3*v, 2*v + 7 = -3*a. Let s be f(v). Suppose -3*k + 2*k + s = 0. What is the tens digit of k?
5
Let s = 7 - 4. Let y(w) = 3*w + 2*w - s*w + w. What is the tens digit of y(7)?
2
Suppose 0 = f - 4. What is the tens digit of 334/10 - f/10?
3
Suppose -3*f + 3*w + 409 = -278, 2*w - 214 = -f. Suppose -6*a = a - f. What is the tens digit of a?
3
Suppose 490 = -4*f - f. Let c = 165 + f. What is the tens digit of c?
6
Suppose 5*s - 2*z - 6842 = 0, 2*z + 5475 = 4*s - z. What is the hundreds digit of s?
3
Suppose 2*h + 48 = -h. Let d = 19 + h. Suppose 0*u - 75 = -d*u. What is the units digit of u?
5
Let s(l) = 2*l**2 + 3. Let p be s(-10). What is the tens digit of 0 + (2 + p)/5?
4
Let c(t) = t**2 - 7*t + 2. Let f be c(7). Let p = f - -52. What is the tens digit of p?
5
Let t be (-1)/(-3)*(-6201)/(-39). Suppose -d = -3*d. Suppose 3*p + g - t = d, g = 5*p - 56 - 35. What is the tens digit of p?
1
Let o(a) = 26*a - 74. Let f be o(6). Suppose 3*d = -4*m + 106, -4*d + 74 = -2*m - 38. Let s = f - d. What is the tens digit of s?
5
Let a(m) = -4*m**2 + 3*m + 1. Let k be a(-4). Let w = k + 153. What is the units digit of w?
8
Suppose -4*d - r + 1513 = 0, -6*d - 3*r = -d - 1893. Let c = d + -215. What is the tens digit of c?
6
Suppose 9*m + 38*m = 153784. What is the hundreds digit of m?
2
Let j = -609 + 928. What is the tens digit of j?
1
Suppose i = -c - 10, 2*i + 6 + 20 = -4*c. What is the hundreds digit of i/(-14) + (-1700)/(-8)?
2
Let u(h) = 4*h. Let x be u(1). Suppose x*p = 0, -j - 2*p + 4 = 2*p. Suppose -6*i + 62 = -3*i - j*l, 0 = -4*i - 4*l + 64. What is the tens digit of i?
1
Suppose 3*c = y + 210, c + 5*y = 5*c - 291. What is the tens digit of c?
6
Let m be ((-8)/(-6))/(11/66). Let b(v) = v**3 - 9*v**2 + 9*v + 5. Let d be b(m). Suppose 2*f = -2*h - 2, -12 - d = -3*h + 4*f. What is the units digit of h?
3
Suppose 46 = 2*h + 4*s - 2*s, -5*h + 2*s = -80. Suppose i - h = 13. What is the tens digit of i?
3
Let i(n) = 2*n**3 - 10*n**2 + 10*n - 3. Let t be i(7). Let a be (-3 + 0 + 3)*-1. Suppose -7*b + t + 234 = a. What is the tens digit of b?
7
What is the hundreds digit of (-180)/(-225) + 3061/5?
6
Let c(r) = -r**3 + 2*r**2 + 3*r + 723. What is the tens digit of c(0)?
2
What is the tens digit of 2*117 - 2/(-3 - -4)?
3
Let x(o) = 222*o - 9. What is the hundreds digit of x(3)?
6
Let u(f) = 8*f**2 - 3*f - 6. Let n be u(-4). Let h = -95 + n. Let m = h - 12. What is the units digit of m?
7
Suppose 53 = 4*r + m + 9, -3*m - 24 = -r. What is the units digit of r?
2
Let z(k) = -2*k - 32. Let x be z(-17). Suppose x*u + h - 308 + 104 = 0, 3*h + 306 = 3*u. What is the units digit of u?
2
Let c = 53 + -38. Let t = -3 + c. What is the units digit of t?
2
Suppose -2*b + a + 74 = 0, -4*a = 3*b + a - 137. What is the tens digit of b?
3
Let v(w) = -5*w**2 - 2*w - 2. Let c be v(-2). Let y = c - -19. What is the tens digit of (6/(-15))/(y/(-120))?
4
Suppose 5*j = -5*x, -4*x + 0*j = -j + 10. Let h be ((-7)/2 - x)*-2. Suppose 0 = -2*i + 4*k + 32, -i + 2*i = h*k + 19. What is the units digit of i?
0
Suppose 137 = -s - 5*v + 616, -3*s - 4*v = -1415. What is the hundreds digit of s?
4
What is the hundreds digit of (-487740)/(-627) - (-1 + 17/19)?
7
Suppose 6*u = 2*a + u - 288, -2*u + 126 = a. Suppose -3*j = 26 - a. What is the units digit of j?
6
Let u = -2093 - -3158. What is the tens digit of u?
6
Let q be ((-2)/(-4))/((-1)/(-4)). What is the units digit of (6 - 7)/(q/(-78))?
9
What is the tens digit of 19780/46 - 1/(1/3)?
2
Suppose 0 = -5*m + 3*o + 2146, 9*o - 846 = -2*m + 4*o. What is the hundreds digit of m?
4
Suppose f = -4*r - 0*r - 3, -5*r = f + 3. Suppose r*j = 2*j - 5*x - 9, 0 = j - 3*x - 4. What is the units digit of (-1 + 13/j)*7?
6
Let a(y) = 5*y**3 - 15*y**2 - 3*y + 8. Let f(l) = 11*l**3 - 31*l**2 - 7*l + 16. Let g(r) = 9*a(r) - 4*f(r). What is the tens digit of g(11)?
1
Suppose -5*x + 3137 = -853. Let r = x - 503. What is the tens digit of r?
9
Let f(x) = 224*x**2 - 3*x - 14. What is the units digit of f(-3)?
1
Let k be 10/(-30) - (-26)/6. Suppose k + 5 = 3*z. Suppose -4*x + z*t = -224, -3*x + 6*x = 5*t + 179. What is the tens digit of x?
5
Let n = 64 - 22. Let l(k) = -k - 10. Let j be l(-11). What is the tens digit of j/(3/(-12)) + n?
3
Let y(o) = o**3 + 7*o**2 + 10*o + 3. Let z be y(-5). Suppose -5*k = -4*x - 207, -z*x - 88 = -2*k - 4*x. What is the tens digit of k?
4
Suppose -3*p = -850 - 2060. Suppose j + 4*j - 3*i = p, 4*i = -5*j + 1005. What is the tens digit of j?
9
Suppose i + 3*t = 2*t + 15, -3*t - 59 = -5*i. Suppose -7 = -2*d - q + i, 28 = 4*d - q. What is the units digit of d?
8
Let j(o) = -o**3 + 3*o**2 + 2*o - 3. Let q be j(3). Suppose 4*a = -b + 96 + 116, 2*a - 656 = -q*b. What is the hundreds digit of b?
2
Let b be ((-21)/(-3))/((-1)/(-5)). Let x be 20/b*14/4. Suppose -10 = -x*m + 20. What is the units digit of m?
5
Suppose 4*z - 3*m - 112 = m, 5*z - m = 128. Let h = 151 - 101. Suppose 0 = 20*o - z*o + h. What is the units digit of o?
0
Let p(d) = 3*d**3 - 2*d**2 - 3*d - 2. Let m(u) = -2*u**3 + 3*u**2 + 2*u + 1. Let j(l) = 4*m(l) + 3*p(l). What is the tens digit of j(-5)?
2
Suppos